405*r - 6. What is q(12)?
-2
Let q(u) be the second derivative of -u**5/20 + 5*u**4/12 + 2*u**3 - 7*u**2 - 4*u + 232. What is q(7)?
-28
Suppose 5*l + 0*w - 13 = -w, -3*l + 2*w = 0. Let b be (10/70)/(3/21). Let f(g) = 9*g - b + 3*g - 3*g - g. What is f(l)?
15
Let n(v) be the first derivative of -v**2/2 - v - 115. Let f(a) = -1. Let g(o) = -o**2 + 2*o - 1. Let k(d) = 4*f(d) - g(d). Let s be k(-2). What is n(s)?
-6
Let w(n) = n**2 - 8*n - 13. Let m be (14 - -1)*(16/(-200))/((-40)/300). Calculate w(m).
-4
Let h(t) = -259*t**3 - t**2 - 1. Let n be h(-1). Let q(g) = n*g + g**3 - 257*g + 46. Give q(0).
46
Let y(x) = -x. Let s(p) = 35*p**2 - 36*p**2 - p + 5 - 1. Suppose 2 = -5*t - 4*h, h - 6*h = -2*t + 19. Let f(g) = t*y(g) - s(g). Give f(0).
-4
Let n(s) = 6*s**2 - 3*s - 113*s**3 + 9 - 108*s**3 + 220*s**3. Let w(t) = -t - 6. Suppose 3*l - 21 = 6*l + 5*f, l - 3 = -5*f. Let b be w(l). Calculate n(b).
-9
Let h(n) = n**3 - 4*n + 3. Let j(t) = 2*t**3 + 22*t**2 - 55*t - 38. Let p be j(-13). Determine h(p).
0
Let f(g) = -4 + 3*g + g - 2*g. Suppose 27*t - 22*t - 235 = -5*n, t = -3*n + 51. Let r be (-7 + (-23)/(-3))/(6/t). Determine f(r).
6
Let l be ((-132)/(-20) + -7)*(-25 + 5) - 8. Let h(b) = 3*b**2 - 30 + 2*b - b**2 - 3*b - b**2. What is h(l)?
-30
Let a(q) be the third derivative of q**5/60 - 5*q**4/12 - 2*q**3/3 - q**2 - 93*q. Give a(5).
-29
Let w(i) be the third derivative of 88*i**2 + 0 - 2*i - 1/12*i**4 - 1/60*i**5 - 1/6*i**3. Determine w(-3).
-4
Let g(h) be the third derivative of -h**7/840 - h**6/45 - h**5/12 - h**4/8 - h**3/6 + 202*h**2. Let p(z) be the first derivative of g(z). Calculate p(-7).
18
Suppose x = 5*r - 24, -24 = 5*x - 4*r - 9. Let t(s) = -72*s**3 + s**2 + s - 2. What is t(x)?
-72
Let m(t) = -3 - t**3 - 16*t**2 - 8 - 6 + 11. Let j be m(-16). Let k(x) = 3*x + x**2 - x + 4*x + 1. Give k(j).
1
Suppose 35*i = r + 39*i - 30, 4*r + 5*i = 54. Let h(z) be the first derivative of -1/3*z**3 - 3*z + z**2 + 1. Give h(r).
-27
Suppose 0 = 31*g - 24 - 190 - 96. Let x(p) = 5*p**2 - 53*p + 12. What is x(g)?
-18
Let d(j) = 5*j + 10. Let n = -6940 - -6945. Calculate d(n).
35
Let x(f) = -10*f**2 - f. Suppose -11*b - 59 + 81 = 0. Let c be 44/(-66)*3/b. Calculate x(c).
-9
Let t(j) = 66*j - 184*j + 54*j - j**2 - 3 + 57*j. Suppose 1 - 6 = -5*o - 5*c, 0 = 4*o - c + 21. What is t(o)?
9
Let b(j) be the first derivative of j**4/4 + 2*j**3 - 2*j + 4753. What is b(-6)?
-2
Let b(x) = -x + 29 + 2*x - 4 - 3*x + 19. Give b(14).
16
Let z(k) = -7*k**2 - 5*k + 3. Let f(x) = -x**2 + 69*x - 5 + 13*x**2 - 60*x. Let a(d) = -3*f(d) - 5*z(d). Calculate a(-3).
-3
Let o(p) = -6*p**2 + p**3 - 18*p - 10088 + 20*p + 10079. Let d be 2 + (-1 - (1 + -6)). Let w(m) = m**2 - 6*m + 6. Let z be w(d). Determine o(z).
3
Let w(o) be the first derivative of -o**3 + 6*o**2 - 16*o + 2203. Give w(2).
-4
Let s(x) = 5*x. Suppose 2*z = -m + 15, -30 = -m - 5*z - 0*z. Suppose 18*h - 65 = m*h. Suppose 4*a - 4 = 0, -h*p + 0*p - 5*a = 0. Calculate s(p).
-5
Let j = -57 + 51. Let b(i) = 3*i**2 + 16*i - 11. Let w be b(j). Let a(m) = -m + 1. Calculate a(w).
0
Let r(u) = -3*u + 1072 + 1064 + 1063 - 3199. Suppose -3*n + n = 26. Let m = -17 - n. Give r(m).
12
Let r(x) be the first derivative of x**3/3 + 5*x**2/2 + x + 108. Let l be (0 - 12/8)*2. Give r(l).
-5
Suppose -9*t - 1553 = 18*t - 203. Let x(r) = -r**3 - 50*r**2 - 3. Give x(t).
-3
Let b(h) = -9*h**2 - 22*h + 1. Let q(l) = 47*l**2 + 49*l + 6. Let m(x) = 9*x**2 + 10*x + 1. Let y(r) = 11*m(r) - 2*q(r). Let p(n) = 4*b(n) + 7*y(n). Give p(-3).
0
Let p(c) be the third derivative of 0*c + 11*c**2 + 0 + 0*c**3 - 1/24*c**4. Let w(n) = 3. Let q(k) = 2*p(k) - w(k). What is q(-3)?
3
Let a(r) = -r + 1. Let c(q) = -6*q - 1. Let b(x) = -5*a(x) + c(x). Let o be b(-7). Let t(v) = 1 - 2*v + 29*v**2 - 29*v**2 + 10*v**3. Determine t(o).
9
Suppose -3*y = -59 + 8. Suppose -3*x + 5 = y. Let m be (1 - 7)/((-6)/x). Let k(s) = s**3 + 4*s**2 + 2*s + 5. Give k(m).
-3
Let h(l) be the third derivative of -1/2*l**3 + 0*l + 189*l**2 + 1/12*l**4 + 0. What is h(-5)?
-13
Let x(h) = 5*h**2 + 21*h + 14. Let i(o) = -6*o**2 - 24*o - 14. Let l(a) = -6*i(a) - 7*x(a). Give l(6).
4
Let w be ((-2)/6 + 0)/(54/(-324)). Let y(q) = 6*q - 4 + 309*q**2 - 308*q**2 + w - 2. Determine y(-5).
-9
Let u = -5 - -13. Let k(x) = 199*x**2 + 38*x + 98. Let j be k(-3). Let w(d) = j*d - 2 + 1 - 1774*d. Give w(u).
7
Let z(k) = -34*k**2 + 9*k - 8. Let o(a) = -7*a**2 + 2*a - 2. Let y(u) = 5*o(u) - z(u). Give y(8).
-58
Let v(y) = -y**3 + 19*y**2 - y + 11. Suppose 4*i + 2*a + 72 = 8*i, -i + 11 = -4*a. Give v(i).
-8
Let g(v) be the first derivative of -15*v**2/2 + v + 112. Let q(r) = 1 + 1 - 2 + 5*r. Let h(a) = 3*g(a) + 8*q(a). Calculate h(2).
-7
Let o be (7 - 1)/((-1)/((-10)/(-20))). Let s(p) = 20*p**2 + 5*p + 3. Let d(j) = 60*j**2 + 13*j + 8. Let y(h) = o*d(h) + 8*s(h). Give y(1).
-19
Let u(f) be the first derivative of -f**5/120 + f**4/24 - 16*f**3 + 4. Let r(j) be the third derivative of u(j). Calculate r(7).
-6
Let z(y) = y**3 - 2*y**2 - y - 3. Let s be z(3). Suppose -s + 15 = -3*p. Let q be 14*((-21)/6 - p). Let w(t) = 2*t - 8. Calculate w(q).
6
Let j(g) be the first derivative of g**2/2 + 26*g - 854. Give j(-10).
16
Let y(p) be the third derivative of p**5/20 - 43*p**4/24 + 3*p**3/2 + 508*p**2 - 2. What is y(14)?
-5
Let x(n) = -8*n + 54. Suppose 0*r = -r + 3*w + 22, 15 = 5*r + 4*w. Determine x(r).
-2
Let v be -18*(-6)/12 - 6. Let l(k) = 11*k**v - 8*k + k - 10*k**3 + 7 - 5*k**2 - 11. Calculate l(6).
-10
Let u = 507 + -503. Let c(a) = 106*a**2 - 3 + u*a - 6*a - 105*a**2 + a. Determine c(4).
9
Let n(i) = -739 + 372 + 5*i + 352. Give n(6).
15
Suppose 8*f = -23245 + 23205. Let o(m) = -m**3 - 6*m**2 - 9*m + 7. What is o(f)?
27
Suppose -2*l + 7 - 21 = 0. Let q(m) = -m**3 - 7*m**2 - 5*m - 24. Let r be q(l). Let t(a) = -a**3 + 10*a**2 + 10*a + 13. Give t(r).
2
Let b be -3*(-2 - (4 + -5)). Suppose 4*t + 52 = -4*u, -5 = 4*u + b. Let s = t - -8. Let h(n) = -3*n - 2. Give h(s).
7
Let f = 24276 + -24273. Let d(s) = -s**2 + s. Let h(i) = 5*i**2 - 3*i - 3. Let c(g) = 3*d(g) + h(g). Calculate c(f).
15
Let s be (16 - 16)/(1 - -1 - 1). Suppose s = 5*g - 5 + 10. Let x(n) = 12*n**3 - n**2. Give x(g).
-13
Let k(b) = -53*b**2 - 3 + 91*b - 1 - 43*b + 54*b**2 - 38*b. Suppose -y + 5*p + 15 = 0, 2*y - 2*p + 15 = -p. What is k(y)?
-4
Let k = -7 - -10. Let p(q) be the second derivative of q**3/3 + 2*q**2 - 1717*q + 4. Give p(k).
10
Suppose 6 = -q + 4*d, 2*q - 16 = -q - 5*d. Let f(s) be the third derivative of 8*s - 1/12*s**4 + 0 + 0*s**3 + 4*s**2. Calculate f(q).
-4
Let a(w) = -179746*w - w**2 - 3 + 179737*w + 0. Calculate a(-7).
11
Let f be (1 + -9)/((-10 - 0)/5). Let s(p) = p**2 + 7*p - 7. Let t(d) = -3*d**2 - 15*d + 13. Let b(n) = 5*s(n) + 2*t(n). What is b(f)?
-5
Let i(h) = -3*h**2 + 12*h - 3. Let b(w) = -245*w + 4. Let n be b(0). Give i(n).
-3
Let r(x) = -57*x - 352. Suppose -f = -9*z + 14*z + 38, -f - 14 = z. Determine r(z).
-10
Suppose -37*r - 740 = -925. Let w(u) be the third derivative of u**5/60 - 7*u**4/24 + 7*u**3/6 + u**2. What is w(r)?
-3
Suppose 1 = v - 14. Let j = 11 - v. Let l(i) = -i**3 - 7*i**2 - 5*i + 2. Give l(j).
-26
Let i(z) = -2*z - 10. Suppose -16 = -19*m - 16. Suppose -31*f + 54*f + 69 = m. What is i(f)?
-4
Let f be 2 - (6/(-11) + 345/(-759)). Let u(o) = -17*o - 1. What is u(f)?
-52
Let k(c) be the second derivative of c**5/20 - 7*c**4/12 + 4*c**3/3 - 9*c**2/2 + 1388*c. What is k(6)?
3
Let r(o) be the third derivative of 0 + 135*o**2 + 0*o**4 + 0*o + 1/6*o**3 + 1/60*o**5. Suppose 1 = 4*d - 7. Calculate r(d).
5
Let g(j) = -j**3 - 4*j**2 + j + 5. Suppose -5*q = -5*i - 15, -34*i - 24 = 4*q - 32*i. Give g(q).
-7
Let i(c) = -c**3 + 17*c**2 + 36*c + 30. Let y be ((-9)/(-90))/((-10)/(-1900)). Give i(y).
-8
Let i(p) = p**2 + 14*p - 145. Let q be i(7). Let c(h) be the first derivative of -17*h - 1 + 1/2*h**q. Determine c(0).
-17
Let g(z) = 3 + 0*z - z**2 + 0*z**2 + 3*z. Let d = 124882 - 124877. Give g(d).
-7
Let m be 3 - (838/(-12) + 3/(-18)). Let d = -66 + m. Let z(h) be the first derivative of -h**2/2 - 21. Calculate z(d).
-7
Let x(v) be the first derivative of 5*v**4/24 - v**3/3 - 91*v**2/2 + 84. Let a(z) be the second derivative of x(z). Give a(-3).
-17
Let s(v) = 4*v - 1. Let q(z) = z**3 + z**2 - 2*z - 2. Let m = -304 